{"id":6167,"date":"2023-04-05T16:18:09","date_gmt":"2023-04-05T20:18:09","guid":{"rendered":"https:\/\/verandajardin.serveur-idhea.ca\/produit\/uncategorized\/kaza-swivel-oscillating-chair\/"},"modified":"2026-04-17T11:38:13","modified_gmt":"2026-04-17T15:38:13","slug":"kaza-swivel-glider-chair","status":"publish","type":"product","link":"https:\/\/verandajardin.com\/en\/product\/kaza-swivel-glider-chair\/","title":{"rendered":"Kaza swivel chair"},"content":{"rendered":"<p>This ergonomic high-backed oscillating and swivel chair offers you the possibility of a smooth swing as well as a rotation of 360. Its robust aluminum structure is designed to withstand the Quebec climate. It is therefore possible to leave it outside even in winter without risk of premature wear.<\/p>\n<p><strong>Specifications (702L):<\/strong><\/p>\n<p>Weight: 45 LBS<\/p>\n<p>Base width: 24 1\/4&#8221;<\/p>\n<p>Base length: 23&#8243;<\/p>\n<p>Height : 42&#8221;<\/p>\n<p>Rear clearance when swinging: 18&#8221;<\/p>\n","protected":false},"excerpt":{"rendered":"<p>This ergonomic high-backed oscillating and swivel chair offers you the possibility of a smooth swing as well as a rotation of 360. Its robust aluminum structure is designed to withstand the Quebec climate. It is therefore possible to leave it outside even in winter without risk of premature wear. Specifications (702L): Weight: 45 LBS Base [&hellip;]<\/p>\n","protected":false},"featured_media":4105,"template":"","meta":{"_acf_changed":false},"product_brand":[],"product_cat":[269,312],"product_tag":[305],"class_list":{"0":"post-6167","1":"product","2":"type-product","3":"status-publish","4":"has-post-thumbnail","6":"product_cat-chairs-and-glider-bench","7":"product_cat-kaza-en","8":"product_tag-catalog","9":"product_shipping_class-distributors","11":"first","12":"outofstock","13":"taxable","14":"shipping-taxable","15":"purchasable","16":"product-type-variable"},"acf":[],"yoast_head":"<!-- This site is optimized with the Yoast SEO plugin v27.4 - https:\/\/yoast.com\/product\/yoast-seo-wordpress\/ -->\n<title>Kaza swivel chair par V\u00e9randa Jardin<\/title>\n<meta name=\"description\" content=\"V\u00e9randa Jardin est le fabricant de meubles ext\u00e9rieurs haut de gamme offrant certaines des plus longues garanties sur le march\u00e9.\" \/>\n<meta name=\"robots\" content=\"index, follow, max-snippet:-1, max-image-preview:large, max-video-preview:-1\" \/>\n<link rel=\"canonical\" href=\"https:\/\/verandajardin.com\/en\/product\/kaza-swivel-glider-chair\/\" \/>\n<meta property=\"og:locale\" content=\"en_US\" \/>\n<meta property=\"og:type\" content=\"article\" \/>\n<meta property=\"og:title\" content=\"Kaza swivel chair par V\u00e9randa Jardin\" \/>\n<meta property=\"og:description\" content=\"V\u00e9randa Jardin est le fabricant de meubles ext\u00e9rieurs haut de gamme offrant certaines des plus longues garanties sur le march\u00e9.\" \/>\n<meta property=\"og:url\" content=\"https:\/\/verandajardin.com\/en\/product\/kaza-swivel-glider-chair\/\" \/>\n<meta property=\"og:site_name\" content=\"V\u00e9randa Jardin\" \/>\n<meta property=\"article:publisher\" content=\"https:\/\/www.facebook.com\/verandajardin\/\" \/>\n<meta property=\"article:modified_time\" content=\"2026-04-17T15:38:13+00:00\" \/>\n<meta property=\"og:image\" content=\"https:\/\/verandajardin.com\/wp-content\/uploads\/1024x768_KZ731E340-NR_B1SW.jpg\" \/>\n\t<meta property=\"og:image:width\" content=\"1024\" \/>\n\t<meta property=\"og:image:height\" content=\"732\" \/>\n\t<meta property=\"og:image:type\" content=\"image\/jpeg\" \/>\n<meta name=\"twitter:card\" content=\"summary_large_image\" \/>\n<meta name=\"twitter:label1\" content=\"Est. reading time\" \/>\n\t<meta name=\"twitter:data1\" content=\"1 minute\" \/>\n<script type=\"application\/ld+json\" class=\"yoast-schema-graph\">{\"@context\":\"https:\\\/\\\/schema.org\",\"@graph\":[{\"@type\":\"WebPage\",\"@id\":\"https:\\\/\\\/verandajardin.com\\\/en\\\/product\\\/kaza-swivel-glider-chair\\\/\",\"url\":\"https:\\\/\\\/verandajardin.com\\\/en\\\/product\\\/kaza-swivel-glider-chair\\\/\",\"name\":\"Kaza swivel chair par V\u00e9randa Jardin\",\"isPartOf\":{\"@id\":\"https:\\\/\\\/verandajardin.com\\\/#website\"},\"primaryImageOfPage\":{\"@id\":\"https:\\\/\\\/verandajardin.com\\\/en\\\/product\\\/kaza-swivel-glider-chair\\\/#primaryimage\"},\"image\":{\"@id\":\"https:\\\/\\\/verandajardin.com\\\/en\\\/product\\\/kaza-swivel-glider-chair\\\/#primaryimage\"},\"thumbnailUrl\":\"https:\\\/\\\/verandajardin.com\\\/wp-content\\\/uploads\\\/1024x768_KZ731E340-NR_B1SW.jpg\",\"datePublished\":\"2023-04-05T20:18:09+00:00\",\"dateModified\":\"2026-04-17T15:38:13+00:00\",\"description\":\"V\u00e9randa Jardin est le fabricant de meubles ext\u00e9rieurs haut de gamme offrant certaines des plus longues garanties sur le march\u00e9.\",\"breadcrumb\":{\"@id\":\"https:\\\/\\\/verandajardin.com\\\/en\\\/product\\\/kaza-swivel-glider-chair\\\/#breadcrumb\"},\"inLanguage\":\"en-US\",\"potentialAction\":[{\"@type\":\"ReadAction\",\"target\":[\"https:\\\/\\\/verandajardin.com\\\/en\\\/product\\\/kaza-swivel-glider-chair\\\/\"]}]},{\"@type\":\"ImageObject\",\"inLanguage\":\"en-US\",\"@id\":\"https:\\\/\\\/verandajardin.com\\\/en\\\/product\\\/kaza-swivel-glider-chair\\\/#primaryimage\",\"url\":\"https:\\\/\\\/verandajardin.com\\\/wp-content\\\/uploads\\\/1024x768_KZ731E340-NR_B1SW.jpg\",\"contentUrl\":\"https:\\\/\\\/verandajardin.com\\\/wp-content\\\/uploads\\\/1024x768_KZ731E340-NR_B1SW.jpg\",\"width\":1024,\"height\":732},{\"@type\":\"BreadcrumbList\",\"@id\":\"https:\\\/\\\/verandajardin.com\\\/en\\\/product\\\/kaza-swivel-glider-chair\\\/#breadcrumb\",\"itemListElement\":[{\"@type\":\"ListItem\",\"position\":1,\"name\":\"Accueil\",\"item\":\"https:\\\/\\\/verandajardin.com\\\/\"},{\"@type\":\"ListItem\",\"position\":2,\"name\":\"Parts store\",\"item\":\"https:\\\/\\\/verandajardin.com\\\/en\\\/parts-store\\\/\"},{\"@type\":\"ListItem\",\"position\":3,\"name\":\"Kaza swivel chair\"}]},{\"@type\":\"WebSite\",\"@id\":\"https:\\\/\\\/verandajardin.com\\\/#website\",\"url\":\"https:\\\/\\\/verandajardin.com\\\/\",\"name\":\"V\u00e9randa Jardin\",\"description\":\"La meilleure garantie de l&#039;industrie des balan\u00e7oires et meubles de jardin\",\"publisher\":{\"@id\":\"https:\\\/\\\/verandajardin.com\\\/#organization\"},\"potentialAction\":[{\"@type\":\"SearchAction\",\"target\":{\"@type\":\"EntryPoint\",\"urlTemplate\":\"https:\\\/\\\/verandajardin.com\\\/?s={search_term_string}\"},\"query-input\":{\"@type\":\"PropertyValueSpecification\",\"valueRequired\":true,\"valueName\":\"search_term_string\"}}],\"inLanguage\":\"en-US\"},{\"@type\":\"Organization\",\"@id\":\"https:\\\/\\\/verandajardin.com\\\/#organization\",\"name\":\"V\u00e9randa Jardin\",\"url\":\"https:\\\/\\\/verandajardin.com\\\/\",\"logo\":{\"@type\":\"ImageObject\",\"inLanguage\":\"en-US\",\"@id\":\"https:\\\/\\\/verandajardin.com\\\/#\\\/schema\\\/logo\\\/image\\\/\",\"url\":\"https:\\\/\\\/verandajardin.com\\\/wp-content\\\/uploads\\\/logo_veranda_noir.png\",\"contentUrl\":\"https:\\\/\\\/verandajardin.com\\\/wp-content\\\/uploads\\\/logo_veranda_noir.png\",\"width\":195,\"height\":81,\"caption\":\"V\u00e9randa Jardin\"},\"image\":{\"@id\":\"https:\\\/\\\/verandajardin.com\\\/#\\\/schema\\\/logo\\\/image\\\/\"},\"sameAs\":[\"https:\\\/\\\/www.facebook.com\\\/verandajardin\\\/\"]}]}<\/script>\n<!-- \/ Yoast SEO plugin. -->","yoast_head_json":{"title":"Kaza swivel chair par V\u00e9randa Jardin","description":"V\u00e9randa Jardin est le fabricant de meubles ext\u00e9rieurs haut de gamme offrant certaines des plus longues garanties sur le march\u00e9.","robots":{"index":"index","follow":"follow","max-snippet":"max-snippet:-1","max-image-preview":"max-image-preview:large","max-video-preview":"max-video-preview:-1"},"canonical":"https:\/\/verandajardin.com\/en\/product\/kaza-swivel-glider-chair\/","og_locale":"en_US","og_type":"article","og_title":"Kaza swivel chair par V\u00e9randa Jardin","og_description":"V\u00e9randa Jardin est le fabricant de meubles ext\u00e9rieurs haut de gamme offrant certaines des plus longues garanties sur le march\u00e9.","og_url":"https:\/\/verandajardin.com\/en\/product\/kaza-swivel-glider-chair\/","og_site_name":"V\u00e9randa Jardin","article_publisher":"https:\/\/www.facebook.com\/verandajardin\/","article_modified_time":"2026-04-17T15:38:13+00:00","og_image":[{"width":1024,"height":732,"url":"https:\/\/verandajardin.com\/wp-content\/uploads\/1024x768_KZ731E340-NR_B1SW.jpg","type":"image\/jpeg"}],"twitter_card":"summary_large_image","twitter_misc":{"Est. reading time":"1 minute"},"schema":{"@context":"https:\/\/schema.org","@graph":[{"@type":"WebPage","@id":"https:\/\/verandajardin.com\/en\/product\/kaza-swivel-glider-chair\/","url":"https:\/\/verandajardin.com\/en\/product\/kaza-swivel-glider-chair\/","name":"Kaza swivel chair par V\u00e9randa Jardin","isPartOf":{"@id":"https:\/\/verandajardin.com\/#website"},"primaryImageOfPage":{"@id":"https:\/\/verandajardin.com\/en\/product\/kaza-swivel-glider-chair\/#primaryimage"},"image":{"@id":"https:\/\/verandajardin.com\/en\/product\/kaza-swivel-glider-chair\/#primaryimage"},"thumbnailUrl":"https:\/\/verandajardin.com\/wp-content\/uploads\/1024x768_KZ731E340-NR_B1SW.jpg","datePublished":"2023-04-05T20:18:09+00:00","dateModified":"2026-04-17T15:38:13+00:00","description":"V\u00e9randa Jardin est le fabricant de meubles ext\u00e9rieurs haut de gamme offrant certaines des plus longues garanties sur le march\u00e9.","breadcrumb":{"@id":"https:\/\/verandajardin.com\/en\/product\/kaza-swivel-glider-chair\/#breadcrumb"},"inLanguage":"en-US","potentialAction":[{"@type":"ReadAction","target":["https:\/\/verandajardin.com\/en\/product\/kaza-swivel-glider-chair\/"]}]},{"@type":"ImageObject","inLanguage":"en-US","@id":"https:\/\/verandajardin.com\/en\/product\/kaza-swivel-glider-chair\/#primaryimage","url":"https:\/\/verandajardin.com\/wp-content\/uploads\/1024x768_KZ731E340-NR_B1SW.jpg","contentUrl":"https:\/\/verandajardin.com\/wp-content\/uploads\/1024x768_KZ731E340-NR_B1SW.jpg","width":1024,"height":732},{"@type":"BreadcrumbList","@id":"https:\/\/verandajardin.com\/en\/product\/kaza-swivel-glider-chair\/#breadcrumb","itemListElement":[{"@type":"ListItem","position":1,"name":"Accueil","item":"https:\/\/verandajardin.com\/"},{"@type":"ListItem","position":2,"name":"Parts store","item":"https:\/\/verandajardin.com\/en\/parts-store\/"},{"@type":"ListItem","position":3,"name":"Kaza swivel chair"}]},{"@type":"WebSite","@id":"https:\/\/verandajardin.com\/#website","url":"https:\/\/verandajardin.com\/","name":"V\u00e9randa Jardin","description":"La meilleure garantie de l&#039;industrie des balan\u00e7oires et meubles de jardin","publisher":{"@id":"https:\/\/verandajardin.com\/#organization"},"potentialAction":[{"@type":"SearchAction","target":{"@type":"EntryPoint","urlTemplate":"https:\/\/verandajardin.com\/?s={search_term_string}"},"query-input":{"@type":"PropertyValueSpecification","valueRequired":true,"valueName":"search_term_string"}}],"inLanguage":"en-US"},{"@type":"Organization","@id":"https:\/\/verandajardin.com\/#organization","name":"V\u00e9randa Jardin","url":"https:\/\/verandajardin.com\/","logo":{"@type":"ImageObject","inLanguage":"en-US","@id":"https:\/\/verandajardin.com\/#\/schema\/logo\/image\/","url":"https:\/\/verandajardin.com\/wp-content\/uploads\/logo_veranda_noir.png","contentUrl":"https:\/\/verandajardin.com\/wp-content\/uploads\/logo_veranda_noir.png","width":195,"height":81,"caption":"V\u00e9randa Jardin"},"image":{"@id":"https:\/\/verandajardin.com\/#\/schema\/logo\/image\/"},"sameAs":["https:\/\/www.facebook.com\/verandajardin\/"]}]}},"_links":{"self":[{"href":"https:\/\/verandajardin.com\/en\/wp-json\/wp\/v2\/product\/6167","targetHints":{"allow":["GET"]}}],"collection":[{"href":"https:\/\/verandajardin.com\/en\/wp-json\/wp\/v2\/product"}],"about":[{"href":"https:\/\/verandajardin.com\/en\/wp-json\/wp\/v2\/types\/product"}],"wp:featuredmedia":[{"embeddable":true,"href":"https:\/\/verandajardin.com\/en\/wp-json\/wp\/v2\/media\/4105"}],"wp:attachment":[{"href":"https:\/\/verandajardin.com\/en\/wp-json\/wp\/v2\/media?parent=6167"}],"wp:term":[{"taxonomy":"product_brand","embeddable":true,"href":"https:\/\/verandajardin.com\/en\/wp-json\/wp\/v2\/product_brand?post=6167"},{"taxonomy":"product_cat","embeddable":true,"href":"https:\/\/verandajardin.com\/en\/wp-json\/wp\/v2\/product_cat?post=6167"},{"taxonomy":"product_tag","embeddable":true,"href":"https:\/\/verandajardin.com\/en\/wp-json\/wp\/v2\/product_tag?post=6167"}],"curies":[{"name":"wp","href":"https:\/\/api.w.org\/{rel}","templated":true}]}}

<!-- This site is optimized with the Yoast SEO plugin v27.4 - https://yoast.com/product/yoast-seo-wordpress/ -->
<title>Kaza swivel chair par Véranda Jardin</title>
<meta name="description" content="Véranda Jardin est le fabricant de meubles extérieurs haut de gamme offrant certaines des plus longues garanties sur le marché." />
<meta name="robots" content="index, follow, max-snippet:-1, max-image-preview:large, max-video-preview:-1" />
<link rel="canonical" href="https://verandajardin.com/en/product/kaza-swivel-glider-chair/" />
<meta property="og:locale" content="en_US" />
<meta property="og:type" content="article" />
<meta property="og:title" content="Kaza swivel chair par Véranda Jardin" />
<meta property="og:description" content="Véranda Jardin est le fabricant de meubles extérieurs haut de gamme offrant certaines des plus longues garanties sur le marché." />
<meta property="og:url" content="https://verandajardin.com/en/product/kaza-swivel-glider-chair/" />
<meta property="og:site_name" content="Véranda Jardin" />
<meta property="article:publisher" content="https://www.facebook.com/verandajardin/" />
<meta property="article:modified_time" content="2026-04-17T15:38:13+00:00" />
<meta property="og:image" content="https://verandajardin.com/wp-content/uploads/1024x768_KZ731E340-NR_B1SW.jpg" />
	<meta property="og:image:width" content="1024" />
	<meta property="og:image:height" content="732" />
	<meta property="og:image:type" content="image/jpeg" />
<meta name="twitter:card" content="summary_large_image" />
<meta name="twitter:label1" content="Est. reading time" />
	<meta name="twitter:data1" content="1 minute" />
<script type="application/ld+json" class="yoast-schema-graph">{"@context":"https:\/\/schema.org","@graph":[{"@type":"WebPage","@id":"https:\/\/verandajardin.com\/en\/product\/kaza-swivel-glider-chair\/","url":"https:\/\/verandajardin.com\/en\/product\/kaza-swivel-glider-chair\/","name":"Kaza swivel chair par Véranda Jardin","isPartOf":{"@id":"https:\/\/verandajardin.com\/#website"},"primaryImageOfPage":{"@id":"https:\/\/verandajardin.com\/en\/product\/kaza-swivel-glider-chair\/#primaryimage"},"image":{"@id":"https:\/\/verandajardin.com\/en\/product\/kaza-swivel-glider-chair\/#primaryimage"},"thumbnailUrl":"https:\/\/verandajardin.com\/wp-content\/uploads\/1024x768_KZ731E340-NR_B1SW.jpg","datePublished":"2023-04-05T20:18:09+00:00","dateModified":"2026-04-17T15:38:13+00:00","description":"Véranda Jardin est le fabricant de meubles extérieurs haut de gamme offrant certaines des plus longues garanties sur le marché.","breadcrumb":{"@id":"https:\/\/verandajardin.com\/en\/product\/kaza-swivel-glider-chair\/#breadcrumb"},"inLanguage":"en-US","potentialAction":[{"@type":"ReadAction","target":["https:\/\/verandajardin.com\/en\/product\/kaza-swivel-glider-chair\/"]}]},{"@type":"ImageObject","inLanguage":"en-US","@id":"https:\/\/verandajardin.com\/en\/product\/kaza-swivel-glider-chair\/#primaryimage","url":"https:\/\/verandajardin.com\/wp-content\/uploads\/1024x768_KZ731E340-NR_B1SW.jpg","contentUrl":"https:\/\/verandajardin.com\/wp-content\/uploads\/1024x768_KZ731E340-NR_B1SW.jpg","width":1024,"height":732},{"@type":"BreadcrumbList","@id":"https:\/\/verandajardin.com\/en\/product\/kaza-swivel-glider-chair\/#breadcrumb","itemListElement":[{"@type":"ListItem","position":1,"name":"Accueil","item":"https:\/\/verandajardin.com\/"},{"@type":"ListItem","position":2,"name":"Parts store","item":"https:\/\/verandajardin.com\/en\/parts-store\/"},{"@type":"ListItem","position":3,"name":"Kaza swivel chair"}]},{"@type":"WebSite","@id":"https:\/\/verandajardin.com\/#website","url":"https:\/\/verandajardin.com\/","name":"Véranda Jardin","description":"La meilleure garantie de l&#039;industrie des balançoires et meubles de jardin","publisher":{"@id":"https:\/\/verandajardin.com\/#organization"},"potentialAction":[{"@type":"SearchAction","target":{"@type":"EntryPoint","urlTemplate":"https:\/\/verandajardin.com\/?s={search_term_string}"},"query-input":{"@type":"PropertyValueSpecification","valueRequired":true,"valueName":"search_term_string"}}],"inLanguage":"en-US"},{"@type":"Organization","@id":"https:\/\/verandajardin.com\/#organization","name":"Véranda Jardin","url":"https:\/\/verandajardin.com\/","logo":{"@type":"ImageObject","inLanguage":"en-US","@id":"https:\/\/verandajardin.com\/#\/schema\/logo\/image\/","url":"https:\/\/verandajardin.com\/wp-content\/uploads\/logo_veranda_noir.png","contentUrl":"https:\/\/verandajardin.com\/wp-content\/uploads\/logo_veranda_noir.png","width":195,"height":81,"caption":"Véranda Jardin"},"image":{"@id":"https:\/\/verandajardin.com\/#\/schema\/logo\/image\/"},"sameAs":["https:\/\/www.facebook.com\/verandajardin\/"]}]}</script>
<!-- / Yoast SEO plugin. -->

Kaza swivel chair par Véranda Jardin

Véranda Jardin est le fabricant de meubles extérieurs haut de gamme offrant certaines des plus longues garanties sur le marché.

Véranda Jardin

La meilleure garantie de l&#039;industrie des balançoires et meubles de jardin
